- 191, 5*t = 3*g - b. Is g composite?
False
Let l = -9 + 13. Suppose 2*f - 1346 = -f - s, l*s = 5*f - 2215. Is f composite?
True
Suppose 13*l = 24*l - 213103. Is l prime?
True
Let k = -20943 - -29444. Is k composite?
False
Is 73802/6 - (-24)/36 composite?
False
Suppose 5*c + 2 = 12. Let f be -7 - (-5 - (-5 + c)). Let g(a) = a**3 + 7*a**2 + 7*a + 4. Is g(f) prime?
True
Let z = -2776 - -5365. Is z a composite number?
True
Suppose -2*c - b = 2, 0 = 3*c + 2*b + 5 - 1. Suppose c = -4*a + 2*a + 158. Is a composite?
False
Let c(q) = 120*q**2 + 13*q + 46. Is c(-3) a composite number?
False
Suppose 14*w - 15*w = -9. Suppose 6*j - 3*j - w = 0. Suppose m - 811 = -j*d - 3*m, -m = -4*d + 1056. Is d a prime number?
False
Let q(r) = -r**2 - r. Let k(n) = -n**3 - 9*n**2 - 15*n - 3. Let t(a) = k(a) + 3*q(a). Is t(-12) a prime number?
False
Is 1 + -4 + 0/(-7) + 1060 a prime number?
False
Is 9/(-21) + (-9036)/(-14) + 2 composite?
False
Let f(b) = -6*b**3 + 6*b**2 + 25*b - 19. Let x be f(9). Let z = x + 5409. Is z prime?
False
Suppose -3*o = -9*o. Suppose o*g + 210 = 3*g. Is 1314/5 - (-14)/g a composite number?
False
Let d(k) = 1740*k + 11. Is d(6) prime?
False
Is (26238/4)/((-6)/(-20)) a composite number?
True
Let b(c) = c - 12. Let t be b(8). Let l(x) = x**3 + 6*x**2 - 4*x - 1. Is l(t) a prime number?
True
Let k be (-2 - -1) + 954 - (-8)/(-8). Suppose 5*l = 163 + k. Is l prime?
True
Let h(q) = 1411*q - 1. Is h(5) a prime number?
False
Is 3/((18470/(-3691))/(-5) - 1) composite?
False
Let x(r) = -170*r**3 + 11*r**2 + 17. Let w be x(8). Is w/(-115) + 4/10 a prime number?
True
Suppose 0 = 5*p + 7610 - 77205. Is p a prime number?
False
Suppose 284 = -6*c - 454. Is 2 - 1 - -3 - c a prime number?
True
Let t be ((-21)/(-6) + 0)*48. Suppose 2*f + t = -f. Let u = 307 + f. Is u composite?
False
Suppose 3*w = 3*r + 51, 17 + 50 = 3*w + r. Suppose 0 = u - 4*u - w. Is ((-7)/u)/((-2)/(-502)) a composite number?
False
Suppose 5*p = 3*i - 23436, 5*i + 17765 - 56856 = -2*p. Is i a composite number?
False
Let v = 273327 + -193216. Is v a prime number?
True
Suppose -4*i + 24 = -8*i. Let t = i + 9. Suppose 133 - t = 5*l. Is l a composite number?
True
Let y = -1888 - -10731. Is y a prime number?
False
Let b(a) = -17*a**3 - a**2 - 4*a + 7. Suppose 0 = -3*n - 6, -4*d + 3*n - 3 = 3. Is b(d) a prime number?
False
Suppose 2*y + 0*y - 4*k + 4 = 0, 4*k - 4 = -4*y. Suppose 5052 = -y*g + 6*g. Is g a composite number?
True
Suppose 0*n + 1866 = 3*n + 3*p, -4*n - 3*p = -2485. Suppose -3*m + n + 1274 = 0. Is m a prime number?
True
Suppose -3*y = 6, 45365 = 3*p - 2*y + y. Is p prime?
True
Let l(t) be the third derivative of t**4/6 + 17*t**3/2 - 40*t**2. Is l(-12) prime?
True
Suppose -3*b = -i + 373, 0*b - 369 = -i + b. Let v = i - 218. Is v a composite number?
False
Suppose 2 + 1 = q + 3*n, 5*q - 2*n - 15 = 0. Let o(c) = 28*c - 6. Let m(p) = -14*p + 3. Let z(h) = q*o(h) + 5*m(h). Is z(2) prime?
False
Let d(r) = 241*r. Let p be d(6). Suppose 0 = 3*y + 2850 + p. Is y/12*3/(-2) a composite number?
False
Let r(a) = 11*a**2 - 20*a + 80. Is r(7) a prime number?
True
Let z = 6572 - -2247. Is z a prime number?
True
Let s be (-50)/(-15) + 4/6. Suppose -2*b + b = s*h - 226, h = 5. Is b a composite number?
True
Suppose -o + 2*o - 20 = 4*p, 3*p + 25 = 2*o. Suppose -2*a + o*a - 504 = 0. Is (-1)/((-1)/a) + -1 a composite number?
False
Let q be (2*3)/((-27)/(-36)). Let w be (0 - 4/q)*-8. Suppose w*h - 188 = 880. Is h prime?
False
Let g be -4 + ((-5)/1 + 4)/(-1). Let a(j) be the third derivative of -j**6/120 + j**5/20 - j**4/4 - 5*j**3/6 + 3*j**2. Is a(g) a composite number?
False
Suppose -2*g + 7886 = 2*p, 1872 = -g + 5*p + 5803. Is g a prime number?
False
Let a(j) = 180*j**2 + 66*j + 563. Is a(-11) a composite number?
False
Let v be 10/(-10) + (31 - -1). Suppose 29*k + 618 = v*k. Let c = -178 + k. Is c prime?
True
Let a = -1822 - -3081. Is a prime?
True
Suppose 0 = x - 0*x - 7. Let n(k) = 31*k**2 + 16*k + 6. Is n(x) prime?
True
Let y be 430/(-5)*(-5)/(15/36). Suppose y + 922 = 2*a. Is a a composite number?
False
Is 30/(-5)*2746/(-4) a composite number?
True
Let o(b) = -3*b + 7 + 5*b - b. Let d be o(-5). Suppose d*h - 138 = -4*m, h + m - 28 - 41 = 0. Is h prime?
False
Suppose -94 = 4*c - 3*m, -2*m = 3*c + 2*m + 83. Let l = 18 - c. Is l a prime number?
True
Let d(g) = 82*g**2 - 15*g - 25. Is d(-12) prime?
False
Let p be (-18)/(-8) + 2/(-8). Let b be (18/(-45))/(1/(-365)). Suppose -p*l + b = -4*x, 8*l - 420 = 3*l - x. Is l a composite number?
False
Let s(m) = 2*m - 7. Let w be s(4). Let v = 294 - w. Is v a composite number?
False
Is ((-94065)/30)/(2/(-4)) composite?
False
Let w be (-6)/8 - (-1116)/16. Let x = w - -1216. Is x a composite number?
True
Let g = -21 + 87. Let d = 159 - g. Is d prime?
False
Let a be -261 - -20 - (-1 - 4). Let i = a + 447. Is i a composite number?
False
Let w(o) = 359*o**2 - 9*o - 9. Let q be w(-1). Let x = q - 232. Is x a composite number?
False
Let z = -1016 - -721. Let y = -132 - z. Is y a prime number?
True
Suppose 5*f + 13 = -352. Let h = f - -133. Suppose -q + h + 89 = 0. Is q composite?
False
Let q = -50 + 53. Suppose -q*x = -2*n + 9154, 0 = -n + x + 2*x + 4571. Is n prime?
True
Suppose 0 = 5*n - 46 - 14. Let p(m) = -m + 6. Let i be p(n). Is -2*-2*i/(-8) a prime number?
True
Let z = -3419 + 6846. Is z composite?
True
Let b be (0/(-1) + 0)/(-1). Suppose -d - 94 = -2*v, 3*v + 5*d - 46 - 82 = b. Suppose 0*n - 2*n = -v. Is n prime?
True
Let g(u) = 1666*u + 22. Let c(n) = 1666*n + 21. Let y(w) = -4*c(w) + 3*g(w). Is y(-2) a composite number?
True
Suppose 6*f - 15*f = -30285. Is f a prime number?
False
Suppose -36 = f + 3*f. Let t = 12 + f. Is -1 + 0 + 35 - t a composite number?
False
Is (6/14 - 0) + 876084/231 a prime number?
True
Is (6/(-9))/(2/3)*-1906 composite?
True
Let v be 37 + (-1 - (-2 + 2)). Let q = -1 + v. Is q a composite number?
True
Let m(w) = 210*w**3 + 1. Let p(l) = -l**3 + l**2 - l + 1. Let f(h) = m(h) - 2*p(h). Let s(c) = -c**3 + 2*c**2 + 1. Let n be s(2). Is f(n) composite?
False
Let j(v) = 123*v + 5. Let b = -102 - -108. Is j(b) a composite number?
False
Let f be (-3 + (1 - 1))/((-3)/6135). Let m = -3812 + f. Is m a prime number?
False
Suppose -11 + 5 = -2*v. Suppose -157 = 5*a + v*i, 3*a - 2*a + 5*i + 27 = 0. Is (16/a)/((-2)/2564) a composite number?
False
Let w = -3396 - -10757. Is w composite?
True
Is (-36)/63 - (656703/(-21) - 2) a composite number?
True
Let n = 709 + -396. Suppose n = h - 444. Is h a composite number?
False
Let v be (-65)/(-10) - (-1)/(-2). Suppose -p + v*p - 520 = 0. Suppose -2*z - p = -6*z. Is z composite?
True
Let x = 28574 + -5431. Is x a prime number?
True
Let w(t) be the second derivative of -7*t**3/3 + 21*t**2/2 - 34*t. Is w(-5) prime?
False
Let k(q) = 9*q**3 + 13*q**2 - 10*q - 19. Is k(6) a prime number?
True
Suppose -4*w + 25*z - 4 = 21*z, -5*w = -3*z - 5. Let u(j) = -15*j**2 + j + 11. Let i(o) = -14*o**2 + o + 12. Let d(g) = 2*i(g) - 3*u(g). Is d(w) prime?
False
Is 2*204970/(-20)*-1 a composite number?
True
Suppose 5*w - 9951 = 162134. Is w a prime number?
False
Let a(t) = -2*t - 10. Let h be (-14)/(-91) - (-63)/13. Let o be a(h). Let p = o + 57. Is p composite?
False
Let a be (0 - 2)*7/2. Let z = -7 - a. Suppose -3*g - g + 124 = z. Is g a prime number?
True
Suppose 21183 + 21963 = 9*w. Suppose 3*j - 4189 = -2*n, -5*j = 4*n - w - 3587. Is n prime?
True
Let u(m) = 776*m**2 + 18*m + 53. Is u(-7) a prime number?
True
Let i(v) = -v - 13. Let g be i(-13). Suppose -5*s + z + 3145 = 0, 3*z - 629 = -g*s - s. Suppose 2*b - 79 = -4*f + 769, 2*b = 3*f - s. Is f a composite number?
False
Let i(w) = w - 5. Let u(v) = v - 5. Let s(p) = -5*i(p) + 6*u(p). Let f be s(11). Let m = 25 - f. Is m composite?
False
Let c = 377 + -257. Suppose -316 + c = -4*w. Is w a prime number?
False
Let b(f) be the first derivative of -2*f**3/3 + 7*f**2 + 7*f + 4. Let s be b(7). Is (-2)/7 + 2151/s a prime number?
True
Let l = -27 + 31. Suppose -4*j - v + 2490 = 193, 2*v - 2294 = -4*j. Suppose -j - 93 = -l*r. Is r a composite number?
False
Let i = 5 + -3. Suppose 4*t - 2*p + i = 12, 3*t - 2*p = 6. Suppose -t*m + 111 = -m. Is m composite?
False
Suppose 5*v - 16 = -d, 2*v + d - 6 = 1. Suppose -p = b - 48, -v*p + 2*p + 73 = -4*b. Is p composite?
False
Is -4 - (-970 + 1 -